hat is 33a67 - 74?
339a3
In base 7, what is 2354562425 + -5?
2354562420
In base 3, what is 11111 - -21022120112101?
21022120200212
In base 6, what is 12 + -355331433?
-355331421
In base 6, what is 2333352132 + -4?
2333352124
In base 11, what is -1442969 - 4?
-1442972
In base 10, what is 3712136 - -5?
3712141
In base 5, what is 310010 - -210200?
1020210
In base 15, what is -bc0 + 399d?
2ccd
In base 14, what is 32188 + 2db5?
3515d
In base 15, what is -93b - 40?
-97b
In base 6, what is -20 + -50125540?
-50130000
In base 3, what is -22121020012 - -2010?
-22121011002
In base 13, what is -5 - -19559?
19554
In base 15, what is -5 + -52ce3?
-52ce8
In base 7, what is 0 - 132655154?
-132655154
In base 15, what is 50cc - 1c3d?
338e
In base 12, what is 0 + -8a66615?
-8a66615
In base 12, what is 385 - -a74b0b?
a75294
In base 12, what is -2371385 - -2?
-2371383
In base 11, what is 4 + -2725061?
-2725058
In base 3, what is -101000012212000 - 200?
-101000012212200
In base 8, what is 11 + -231447270?
-231447257
In base 12, what is -68 - 30967?
-30a13
In base 8, what is 3262 - -470045?
473327
In base 12, what is 2 + 14b2916?
14b2918
In base 15, what is 1 - 1685a7a?
-1685a79
In base 10, what is -140285 + 70?
-140215
In base 8, what is -4354734 - -20?
-4354714
In base 6, what is 2155434434 + -10?
2155434424
In base 12, what is 30614a8 + -42?
3061466
In base 7, what is -16564155 + 11?
-16564144
In base 8, what is 3551 + -75062?
-71311
In base 13, what is -40c62 - -80?
-40bb2
In base 12, what is -55261726 - -4?
-55261722
In base 11, what is 578a657 - -9?
578a665
In base 15, what is 7d3de + 27?
7d416
In base 8, what is 1332323460 + -5?
1332323453
In base 5, what is 0 - 20414242331?
-20414242331
In base 5, what is -43041240240 + -1?
-43041240241
In base 6, what is 153352014035 - 0?
153352014035
In base 9, what is -55 - 31224?
-31280
In base 14, what is 13 - -3032a?
3033d
In base 3, what is 1010 - 1221210221222102?
-1221210221221022
In base 12, what is -4886 + -607?
-5291
In base 7, what is -1300 + 10665?
6365
In base 2, what is 1100011111101000100100 + -1?
1100011111101000100011
In base 16, what is -a76 - -1537?
ac1
In base 2, what is 110 - 10010000110010101111?
-10010000110010101001
In base 9, what is 31155 - 14216?
15838
In base 7, what is -412 - 3550122?
-3550534
In base 6, what is 5 - -1210125204?
1210125213
In base 5, what is 33103132 - 2041?
33101041
In base 5, what is 40202 - 120013?
-24311
In base 3, what is -11010221221 - 100?
-11010222021
In base 15, what is ab159a2 + 5?
ab159a7
In base 16, what is -10c5b78 + 2?
-10c5b76
In base 12, what is -4 - -b8553?
b854b
In base 4, what is 31132123 - 33?
31132030
In base 6, what is 210120513 - -44?
210121001
In base 10, what is -19795 + 28703?
8908
In base 6, what is 23 - 4351052?
-4351025
In base 7, what is -3 - 1055040233?
-1055040236
In base 3, what is -111020012121 + -110?
-111020020001
In base 10, what is 0 - -101376860?
101376860
In base 3, what is 10 - -11221010100110102?
11221010100110112
In base 9, what is -11381448 - 13?
-11381462
In base 2, what is 10100110011010 + -1000011010?
10011110000000
In base 15, what is 17bc42a + -2?
17bc428
In base 12, what is -5a - -16963b?
1695a1
In base 16, what is -a + 8a4fb4?
8a4faa
In base 15, what is 93 + -144238?
-144195
In base 13, what is 110 - -13c03?
14013
In base 8, what is 142073435 + -52?
142073363
In base 14, what is 14 + -5c2a18b?
-5c2a177
In base 13, what is -7acbc - 177?
-7b166
In base 15, what is -2756a - -33?
-27537
In base 3, what is 1212001120 + 2201122?
1221210012
In base 16, what is -3b - 851a95?
-851ad0
In base 10, what is -116 - 29210?
-29326
In base 10, what is -85 - 2013373?
-2013458
In base 14, what is -4d258 + 1b5?
-4d083
In base 5, what is -223 - -30042112?
30041334
In base 11, what is -19383a1 - -38?
-1938364
In base 10, what is -839 - -97743?
96904
In base 8, what is -771175263 - 10?
-771175273
In base 13, what is 51418 + 118?
51533
In base 13, what is -10198 - b0?
-10278
In base 8, what is -2600621 + 7?
-2600612
In base 9, what is -73622 + -140?
-73762
In base 6, what is -1041225 - 1251?
-1042520
In base 7, what is -33640002 + 30?
-33636642
In base 3, what is 20202121 - -11221022?
102200220
In base 12, what is -3ab64979 + -2?
-3ab6497b
In base 7, what is -1 - -135564135?
135564134
In base 6, what is 32013221 - -402?
32014023
In base 7, what is -1366552552 + 0?
-1366552552
In base 3, what is -120110 - -1121110202?
1120220022
In base 11, what is 130591 + -6?
130586
In base 3, what is -11201221 + 1002201111?
220222120
In base 11, what is -7a + -1872445?
-1872514
In base 6, what is 212 - -3004?
3220
In base 14, what is 5 + -a46647?
-a46642
In base 10, what is -579 - -81458?
80879
In base 9, what is -1334 + 50884?
48550
In base 15, what is 0 + -75ce5c?
-75ce5c
In base 4, what is -32 + 20301030?
20300332
In base 15, what is -182 + -15ac3?
-15c55
In base 9, what is -26877720 + -12?
-26877732
In base 6, what is 0 - -14533324522?
14533324522
In base 11, what is 1a + -6683919?
-66838aa
In base 9, what is 470434 - 1611?
467723
In base 10, what is -4094 + 15769?
11675
In base 15, what is -7654a + 55?
-764e5
In base 3, what is 10120210111 + -12021?
10120121020
In base 12, what is -5a549 + -2a79?
-61406
In base 5, what is 314 - 4000241302?
-4000240433
In base 9, what is -58802034 + 2?
-58802032
In base 12, what is 1 - 286b03?
-286b02
In base 5, what is -143204044 - -24?
-143204020
In base 11, what is -698325382 + 5?
-698325378
In base 6, what is 53015 + 115?
53134
In base 4, what is 132312 + 10030132?
10223110
In base 7, what is 2 + 50361516?
50361521
In base 11, what is -6011330 + -1?
-6011331
In base 13, what is -190910 + ba?
-190823
In base 15, what is -4e940b1 - -4?
-4e940ac
In base 13, what is 9352c - 0?
9352c
In base 8, what is -1105 + -131515?
-132622
In base 13, what is 9 - 41c0b9?
-41c0b0
In base 14, what is -1309d98b - -2?
-1309d989
In base 9, what is -685364 - 40?
-685414
In base 10, what is 361 + 28079?
28440
In base 7, what is 35504 + -30054?
5420
In base 12, what is 1047 - 2823?
-1798
In base 9, what is 11 - -6325363?
6325374
In base 16, what is -196b9 - 47?
-19700
In base 15, what is -ea + 28844?
28749
In base 3, what is 211101 + 20101002?
21012110
In base 9, what is 8137361 - 38?
8137322
In base 9, what is 43 - -1078052?
1078105
In base 3, what is 2 + 111002122020120021?
111002122020120100
In base 2, what is -101011100000010100000 - -11000001?
-101011011111111011111
In base 15, what is -53399a - -59?
-533941
In base 6, what is 1310432402 - 4?
1310432354
In base 8, what is 1234266 + 21?
1234307
In base 6, what is -1 - 2452131?
-2452132
In base 12, what is -1 + 7450693?
7450692
In base 7, what is 133136 - -36544?
203013
In base 15, what is b20e - 27?
b1d7
In base 10, what is 4155 + 67413?
71568
In base 2, what is -110100011 + 1110010011000101?
1110001100100010
In base 11, what is 476a317 + 20?
476a337
In base 3, what is 102212201011002 - 11?
102212201010221
In base 16, what is 2e320 - 5?
2e31b
In base 13, what is -71468 - -91?
-713a7
In base 9, what is 22618716 + -56?
22618650
In base 15, what is -2bd63 + -7?
-2bd6a
In base 10, what is -75485 + 22?
-75463
In base 2, what is 11110000 - -1100010000001100011?
1100010000101010011
In base 7, what is 0 + 263013136?
263013136
In base 15, what is a577 - 384?
a1e3
In base 11, what is 1191 - -1249a?
13680
In base 7, what is 3215 - 556214?
-552666
In base 15, what is 4 + 1e1a138?
1e1a13c
In base 9, what is -352 - -11435723?
11435361
In base 2, what is -1001 - 10110110100010010011110?
-10110110100010010100111
In base 7, what is 123 + 3216656?
3220112
In base 12, what is 141914 - -20b?
141b23
In base 4, what is -103212 - -13321211?
13211333
In base 10, what is 161 + -1220214?
-1220053
In base 6, what is 4 - -100114434?
100114442
In base 10, what is 0 - -386682?
386682
In base 16, what is 4 + 16a3d3d?
16a3d41
In base 14, what is 13 + 67b48ba?
67b48cd
In base 6, what is -24 - -2121531?
2121503
In base 16, what is 6b - 3924a?
-391df
In base 4, what is -2211302 + 230233?
-1321003
In base 7, what is 1162612 - 101?
1162511
In base 6, what is -31405551430 + 4?
-31405551422
In base 5, what is 331 + 2043212?
2044043
In base 9, what is -1776 + 70285?
67408
In base 7, what is 650500 - 214?
650253
In base 5, what is 